
{"id":523568,"date":"2026-03-09T20:17:42","date_gmt":"2026-03-09T23:17:42","guid":{"rendered":"https:\/\/azerothcomicstore.shop\/?post_type=product&#038;p=523568"},"modified":"2026-05-01T17:32:48","modified_gmt":"2026-05-01T20:32:48","slug":"tmnt-el-ultimo-ronin-los-anos-perdidos","status":"publish","type":"product","link":"https:\/\/azerothcomicstore.shop\/index.php\/producto\/tmnt-el-ultimo-ronin-los-anos-perdidos\/","title":{"rendered":"TMNT: El \u00daltimo Ronin &#8211; Los A\u00f1os Perdidos"},"content":{"rendered":"<p>\u00a1Vuelve el roninverso!<\/p>\n<p>En Teenage Mutant Ninja Turtles: El \u00faltimo ronin, los lectores emprendieron un viaje emocionante a trav\u00e9s del tiempo (pasado, presente y futuro), para ser testigos de los desgarradores \u00faltimos d\u00edas de los h\u00e9roes con caparaz\u00f3n. En El \u00faltimo ronin: Los a\u00f1os perdidos, se revelan nuevos secretos del pasado de las tortugas mientras descubrimos m\u00e1s detalles sobre la devastadora sucesi\u00f3n de acontecimientos que condujeron a la batalla final del \u00daltimo Ronin, as\u00ed como sus consecuencias. Mientras, en el presente, una nueva maestra llamada Casey Marie Jones prepara a sus j\u00f3venes disc\u00edpulas: \u00a1unas tortugas acu\u00e1ticas llamadas a convertirse en la pr\u00f3xima generaci\u00f3n de Tortugas Ninja!<\/p>\n<p>Para Michelangelo, el camino hacia su tr\u00e1gica batalla final fue largo y peligroso. Lo llev\u00f3 desde Nueva York a Jap\u00f3n. Cruz\u00f3 Asia y Europa, hasta volver a casa para impartir justicia a los culpables del asesinato de su familia. Pero \u00bfqu\u00e9 ocurri\u00f3 durante esos fat\u00eddicos a\u00f1os en los que solo lo guiaron el ansia de venganza y el diario del maestro Splinter? \u00bfQu\u00e9 batallas libr\u00f3? \u00bfQu\u00e9 duras lecciones aprendi\u00f3?<\/p>\n<p>Recopila: Mutant Ninja Turtles: The Last Ronin &#8211; The Lost Years #1-5 y Teenage Mutant Ninja Turtles: The Last Ronin &#8211; The Lost Day Special<\/p>\n","protected":false},"excerpt":{"rendered":"<p>\u00a1Vuelve el roninverso! En Teenage Mutant Ninja Turtles: El \u00faltimo ronin, los lectores emprendieron un viaje emocionante a trav\u00e9s del tiempo (pasado, presente y futuro), para ser testigos de los<\/p>\n","protected":false},"featured_media":523569,"template":"","meta":[],"product_cat":[157],"product_tag":[293,323,3475,151,278,3472,3473,3469,3455,3474,3470,3476,3471],"jetpack_sharing_enabled":true,"_links":{"self":[{"href":"https:\/\/azerothcomicstore.shop\/index.php\/wp-json\/wp\/v2\/product\/523568"}],"collection":[{"href":"https:\/\/azerothcomicstore.shop\/index.php\/wp-json\/wp\/v2\/product"}],"about":[{"href":"https:\/\/azerothcomicstore.shop\/index.php\/wp-json\/wp\/v2\/types\/product"}],"wp:featuredmedia":[{"embeddable":true,"href":"https:\/\/azerothcomicstore.shop\/index.php\/wp-json\/wp\/v2\/media\/523569"}],"wp:attachment":[{"href":"https:\/\/azerothcomicstore.shop\/index.php\/wp-json\/wp\/v2\/media?parent=523568"}],"wp:term":[{"taxonomy":"product_cat","embeddable":true,"href":"https:\/\/azerothcomicstore.shop\/index.php\/wp-json\/wp\/v2\/product_cat?post=523568"},{"taxonomy":"product_tag","embeddable":true,"href":"https:\/\/azerothcomicstore.shop\/index.php\/wp-json\/wp\/v2\/product_tag?post=523568"}],"curies":[{"name":"wp","href":"https:\/\/api.w.org\/{rel}","templated":true}]}}