
{"id":510279,"date":"2025-11-03T19:15:43","date_gmt":"2025-11-03T22:15:43","guid":{"rendered":"https:\/\/azerothcomicstore.shop\/?post_type=product&#038;p=510279"},"modified":"2025-11-03T19:16:31","modified_gmt":"2025-11-03T22:16:31","slug":"coleccion-spider-man-universo-arana-vol-23-spider-gwen-gran-poder","status":"publish","type":"product","link":"https:\/\/azerothcomicstore.shop\/index.php\/producto\/coleccion-spider-man-universo-arana-vol-23-spider-gwen-gran-poder\/","title":{"rendered":"Colecci\u00f3n Spider-Man: Universo Ara\u00f1a Vol.23 Spider-Gwen: Gran Poder"},"content":{"rendered":"<p>Contiene: Spider-Gwen Vol. 2 #1 al 6 (Diciembre de 2015 a Mayo de 2016) de la edici\u00f3n USA<\/p>\n<p>\u00a1SPIDER-WOMAN VUELVE A BALANCEARSE!<\/p>\n<p>Gwen estaba segura de que el Lagarto original hab\u00eda muerto en sus brazos, pero la aparici\u00f3n de un nuevo enemigo reptiliano solo profundiza la herida de la muerte de Peter. Adem\u00e1s: \u00a1nuevos h\u00e9roes y villanos hacen su aparici\u00f3n en este universo lleno de sorpresas!<\/p>\n","protected":false},"excerpt":{"rendered":"<p>Contiene: Spider-Gwen Vol. 2 #1 al 6 (Diciembre de 2015 a Mayo de 2016) de la edici\u00f3n USA \u00a1SPIDER-WOMAN VUELVE A BALANCEARSE! Gwen estaba segura de que el Lagarto original<\/p>\n","protected":false},"featured_media":510275,"template":"","meta":[],"product_cat":[157],"product_tag":[293,323,151,1750],"jetpack_sharing_enabled":true,"_links":{"self":[{"href":"https:\/\/azerothcomicstore.shop\/index.php\/wp-json\/wp\/v2\/product\/510279"}],"collection":[{"href":"https:\/\/azerothcomicstore.shop\/index.php\/wp-json\/wp\/v2\/product"}],"about":[{"href":"https:\/\/azerothcomicstore.shop\/index.php\/wp-json\/wp\/v2\/types\/product"}],"wp:featuredmedia":[{"embeddable":true,"href":"https:\/\/azerothcomicstore.shop\/index.php\/wp-json\/wp\/v2\/media\/510275"}],"wp:attachment":[{"href":"https:\/\/azerothcomicstore.shop\/index.php\/wp-json\/wp\/v2\/media?parent=510279"}],"wp:term":[{"taxonomy":"product_cat","embeddable":true,"href":"https:\/\/azerothcomicstore.shop\/index.php\/wp-json\/wp\/v2\/product_cat?post=510279"},{"taxonomy":"product_tag","embeddable":true,"href":"https:\/\/azerothcomicstore.shop\/index.php\/wp-json\/wp\/v2\/product_tag?post=510279"}],"curies":[{"name":"wp","href":"https:\/\/api.w.org\/{rel}","templated":true}]}}