
{"id":510254,"date":"2025-11-03T18:55:45","date_gmt":"2025-11-03T21:55:45","guid":{"rendered":"https:\/\/azerothcomicstore.shop\/?post_type=product&#038;p=510254"},"modified":"2025-11-03T18:58:08","modified_gmt":"2025-11-03T21:58:08","slug":"coleccion-spider-man-universo-arana-vol-13-spider-man-que-pasaria-si","status":"publish","type":"product","link":"https:\/\/azerothcomicstore.shop\/index.php\/producto\/coleccion-spider-man-universo-arana-vol-13-spider-man-que-pasaria-si\/","title":{"rendered":"Colecci\u00f3n Spider-Man: Universo Ara\u00f1a Vol.13 Spider-Man: \u00bfQu\u00e9 Pasar\u00eda si&#8230;?"},"content":{"rendered":"<p>Contiene: What If? Vol. 1 #1 (Noviembre de 1976), #24 (Septiembre de 1980), #46 (Mayo de 1984) y What If? Spider-Man: House of M (Diciembre de 2009), de la edici\u00f3n USA.<\/p>\n<p>ESTAS NO SON SOLO HISTORIAS IMAGINARIAS&#8230;<\/p>\n<p>\u00bfQu\u00e9 habr\u00eda ocurrido si el t\u00edo Ben viv\u00eda? \u00bfY si Spider-Man se hubiera unido a los Cuatro Fant\u00e1sticos? \u00bfC\u00f3mo habr\u00edan cambiado las cosas si Gwen Stacy no mor\u00eda aquel fat\u00eddico d\u00eda? En la red del multiverso, todas las realidades son posibles.<\/p>\n<p>Historias:<\/p>\n<p>\u00bfQu\u00e9 pasar\u00eda si Spider-Man se hubiese unido a los Cuatro Fant\u00e1sticos?<\/p>\n<p>\u00bfQu\u00e9 pasar\u00eda si Gwen Stacy hubiese vivido?<\/p>\n<p>\u00bfQu\u00e9 pasar\u00eda si el t\u00edo Ben de Spider-Man hubiese vivido?<\/p>\n<p>\u00bfY si&#8230; Gwen Stacy sobrevivi\u00f3 a la casa de M?<\/p>\n<p>\u00bfY si&#8230; Spider-Man interviniera por la Bruja Escarlata?<\/p>\n","protected":false},"excerpt":{"rendered":"<p>Contiene: What If? Vol. 1 #1 (Noviembre de 1976), #24 (Septiembre de 1980), #46 (Mayo de 1984) y What If? Spider-Man: House of M (Diciembre de 2009), de la edici\u00f3n<\/p>\n","protected":false},"featured_media":510257,"template":"","meta":[],"product_cat":[157],"product_tag":[293,323,151,1750],"jetpack_sharing_enabled":true,"_links":{"self":[{"href":"https:\/\/azerothcomicstore.shop\/index.php\/wp-json\/wp\/v2\/product\/510254"}],"collection":[{"href":"https:\/\/azerothcomicstore.shop\/index.php\/wp-json\/wp\/v2\/product"}],"about":[{"href":"https:\/\/azerothcomicstore.shop\/index.php\/wp-json\/wp\/v2\/types\/product"}],"wp:featuredmedia":[{"embeddable":true,"href":"https:\/\/azerothcomicstore.shop\/index.php\/wp-json\/wp\/v2\/media\/510257"}],"wp:attachment":[{"href":"https:\/\/azerothcomicstore.shop\/index.php\/wp-json\/wp\/v2\/media?parent=510254"}],"wp:term":[{"taxonomy":"product_cat","embeddable":true,"href":"https:\/\/azerothcomicstore.shop\/index.php\/wp-json\/wp\/v2\/product_cat?post=510254"},{"taxonomy":"product_tag","embeddable":true,"href":"https:\/\/azerothcomicstore.shop\/index.php\/wp-json\/wp\/v2\/product_tag?post=510254"}],"curies":[{"name":"wp","href":"https:\/\/api.w.org\/{rel}","templated":true}]}}