
{"id":486056,"date":"2025-06-06T18:47:57","date_gmt":"2025-06-06T21:47:57","guid":{"rendered":"https:\/\/azerothcomicstore.shop\/?post_type=product&#038;p=486056"},"modified":"2026-02-20T21:32:44","modified_gmt":"2026-02-21T00:32:44","slug":"adabana-01","status":"publish","type":"product","link":"https:\/\/azerothcomicstore.shop\/index.php\/producto\/adabana-01\/","title":{"rendered":"Adabana #01"},"content":{"rendered":"<p>Un peque\u00f1o pueblo es sacudido por la tragedia cuando se descubren los violentos asesinatos de dos habitantes del lugar: el due\u00f1o de un local de ramen y una estudiante llamada Makko Igarashi. Mientras la polic\u00eda comienza a investigar el caso, los lugare\u00f1os viven preocupados ante la posibilidad de que haya un asesino suelto entre ellos. Pero, inesperadamente, la joven Mizuki Aikawa se declara culpable de la muerte de su mejor amiga.<\/p>\n<p>Pese a esto, tanto la polic\u00eda como su abogado de oficio creen que hay algo m\u00e1s detr\u00e1s de la historia de Mizuki. Pero\u2026 \u00bfQu\u00e9 o a qui\u00e9n podr\u00eda estar intentando encubrir?<\/p>\n","protected":false},"excerpt":{"rendered":"<p>Un peque\u00f1o pueblo es sacudido por la tragedia cuando se descubren los violentos asesinatos de dos habitantes del lugar: el due\u00f1o de un local de ramen y una estudiante llamada<\/p>\n","protected":false},"featured_media":486052,"template":"","meta":[],"product_cat":[78],"product_tag":[137,134,3243,274,313,310],"jetpack_sharing_enabled":true,"_links":{"self":[{"href":"https:\/\/azerothcomicstore.shop\/index.php\/wp-json\/wp\/v2\/product\/486056"}],"collection":[{"href":"https:\/\/azerothcomicstore.shop\/index.php\/wp-json\/wp\/v2\/product"}],"about":[{"href":"https:\/\/azerothcomicstore.shop\/index.php\/wp-json\/wp\/v2\/types\/product"}],"wp:featuredmedia":[{"embeddable":true,"href":"https:\/\/azerothcomicstore.shop\/index.php\/wp-json\/wp\/v2\/media\/486052"}],"wp:attachment":[{"href":"https:\/\/azerothcomicstore.shop\/index.php\/wp-json\/wp\/v2\/media?parent=486056"}],"wp:term":[{"taxonomy":"product_cat","embeddable":true,"href":"https:\/\/azerothcomicstore.shop\/index.php\/wp-json\/wp\/v2\/product_cat?post=486056"},{"taxonomy":"product_tag","embeddable":true,"href":"https:\/\/azerothcomicstore.shop\/index.php\/wp-json\/wp\/v2\/product_tag?post=486056"}],"curies":[{"name":"wp","href":"https:\/\/api.w.org\/{rel}","templated":true}]}}