
{"id":264474,"date":"2025-02-05T20:12:37","date_gmt":"2025-02-05T23:12:37","guid":{"rendered":"https:\/\/azerothcomicstore.shop\/?post_type=product&#038;p=264474"},"modified":"2025-11-24T16:14:22","modified_gmt":"2025-11-24T19:14:22","slug":"ajin-semi-humano-05","status":"publish","type":"product","link":"https:\/\/azerothcomicstore.shop\/index.php\/producto\/ajin-semi-humano-05\/","title":{"rendered":"Ajin Semi-Humano #05"},"content":{"rendered":"<p>Sato busca conseguir derechos para los Ajin con maniobras terroristas, esparciendo destrucci\u00f3n sin piedad. El miedo hacia los Ajin crece en todo el pa\u00eds, y la aldea donde se encuentra Kei no es la excepci\u00f3n.<\/p>\n<p>Cuando las dudas y las armas apuntan hacia \u00e9l, su destino se decide. Ahora Kei, junto con su nuevo compa\u00f1ero Koh Nakano, se lanza a una nueva lucha solitaria de la que no habr\u00e1 retorno.<\/p>\n","protected":false},"excerpt":{"rendered":"<p>Sato busca conseguir derechos para los Ajin con maniobras terroristas, esparciendo destrucci\u00f3n sin piedad. El miedo hacia los Ajin crece en todo el pa\u00eds, y la aldea donde se encuentra<\/p>\n","protected":false},"featured_media":264459,"template":"","meta":[],"product_cat":[78],"product_tag":[137,305,301,134,282,274,322,313,310,304],"jetpack_sharing_enabled":true,"_links":{"self":[{"href":"https:\/\/azerothcomicstore.shop\/index.php\/wp-json\/wp\/v2\/product\/264474"}],"collection":[{"href":"https:\/\/azerothcomicstore.shop\/index.php\/wp-json\/wp\/v2\/product"}],"about":[{"href":"https:\/\/azerothcomicstore.shop\/index.php\/wp-json\/wp\/v2\/types\/product"}],"wp:featuredmedia":[{"embeddable":true,"href":"https:\/\/azerothcomicstore.shop\/index.php\/wp-json\/wp\/v2\/media\/264459"}],"wp:attachment":[{"href":"https:\/\/azerothcomicstore.shop\/index.php\/wp-json\/wp\/v2\/media?parent=264474"}],"wp:term":[{"taxonomy":"product_cat","embeddable":true,"href":"https:\/\/azerothcomicstore.shop\/index.php\/wp-json\/wp\/v2\/product_cat?post=264474"},{"taxonomy":"product_tag","embeddable":true,"href":"https:\/\/azerothcomicstore.shop\/index.php\/wp-json\/wp\/v2\/product_tag?post=264474"}],"curies":[{"name":"wp","href":"https:\/\/api.w.org\/{rel}","templated":true}]}}