
{"id":264090,"date":"2025-01-04T17:06:30","date_gmt":"2025-01-04T20:06:30","guid":{"rendered":"https:\/\/azerothcomicstore.shop\/index.php\/producto\/21st-century-boys\/"},"modified":"2025-11-24T16:12:22","modified_gmt":"2025-11-24T19:12:22","slug":"21st-century-boys","status":"publish","type":"product","link":"https:\/\/azerothcomicstore.shop\/index.php\/producto\/21st-century-boys\/","title":{"rendered":"21st Century Boys"},"content":{"rendered":"<p>La historia de Amigo y todos sus compa\u00f1eros emprende la recta final en esta serie, en la que todas las dudas y enigmas que han rodeado a los 20th Century Boys se resolver\u00e1n.<\/p>\n<p>Naoki Urusawa nos ofrece la conclusi\u00f3n de su opera magna, una serie de culto que ha cosechado \u00e9xitos de cr\u00edtica y p\u00fablico por igual.<\/p>\n","protected":false},"excerpt":{"rendered":"<p>La historia de Amigo y todos sus compa\u00f1eros emprende la recta final en esta serie, en la que todas las dudas y enigmas que han rodeado a los 20th Century<\/p>\n","protected":false},"featured_media":264089,"template":"","meta":[],"product_cat":[78],"product_tag":[283,140,134,282,285,274,284],"jetpack_sharing_enabled":true,"_links":{"self":[{"href":"https:\/\/azerothcomicstore.shop\/index.php\/wp-json\/wp\/v2\/product\/264090"}],"collection":[{"href":"https:\/\/azerothcomicstore.shop\/index.php\/wp-json\/wp\/v2\/product"}],"about":[{"href":"https:\/\/azerothcomicstore.shop\/index.php\/wp-json\/wp\/v2\/types\/product"}],"wp:featuredmedia":[{"embeddable":true,"href":"https:\/\/azerothcomicstore.shop\/index.php\/wp-json\/wp\/v2\/media\/264089"}],"wp:attachment":[{"href":"https:\/\/azerothcomicstore.shop\/index.php\/wp-json\/wp\/v2\/media?parent=264090"}],"wp:term":[{"taxonomy":"product_cat","embeddable":true,"href":"https:\/\/azerothcomicstore.shop\/index.php\/wp-json\/wp\/v2\/product_cat?post=264090"},{"taxonomy":"product_tag","embeddable":true,"href":"https:\/\/azerothcomicstore.shop\/index.php\/wp-json\/wp\/v2\/product_tag?post=264090"}],"curies":[{"name":"wp","href":"https:\/\/api.w.org\/{rel}","templated":true}]}}