
{"id":236259,"date":"2023-12-12T11:37:53","date_gmt":"2023-12-12T14:37:53","guid":{"rendered":"https:\/\/azerothcomicstore.shop\/index.php\/producto\/20th-century-boys-8\/"},"modified":"2025-11-24T16:12:21","modified_gmt":"2025-11-24T19:12:21","slug":"20th-century-boys-8","status":"publish","type":"product","link":"https:\/\/azerothcomicstore.shop\/index.php\/producto\/20th-century-boys-8\/","title":{"rendered":"20th Century Boys #08"},"content":{"rendered":"<p>Estamos en el a\u00f1o X, el temido 2015\u2026 \u201cAmigo\u201d ha muerto a manos de Yamane.<\/p>\n<p>A su muerte, se le identifica como uno de los compa\u00f1eros de Kenji que supuestamente hab\u00eda luchado a su lado: Fukubee. La humanidad vive sumida en la tristeza y aparentemente todo va volviendo a la normalidad pese a que el misterio nunca ha sido resuelto. Sin embargo, el plan de destrucci\u00f3n del mundo sigue implacable su curso.<\/p>\n<p>Una vez m\u00e1s, en todo el mundo aparecen v\u00edctimas del virus. Para conocer los entresijos del plan, Kanna y los suyos deciden introducirse en la atracci\u00f3n virtual de AmigoLand que reproduce el cerebro de \u201cAmigo\u201d. Por su parte, en el mundo real empiezan a parecer testigos que aseguran haber visto al hombre que supuestamente hab\u00eda muerto\u2026<\/p>\n","protected":false},"excerpt":{"rendered":"<p>Estamos en el a\u00f1o X, el temido 2015\u2026 \u201cAmigo\u201d ha muerto a manos de Yamane. A su muerte, se le identifica como uno de los compa\u00f1eros de Kenji que supuestamente<\/p>\n","protected":false},"featured_media":236258,"template":"","meta":[],"product_cat":[78],"product_tag":[283,140,134,282,285,274,284],"jetpack_sharing_enabled":true,"_links":{"self":[{"href":"https:\/\/azerothcomicstore.shop\/index.php\/wp-json\/wp\/v2\/product\/236259"}],"collection":[{"href":"https:\/\/azerothcomicstore.shop\/index.php\/wp-json\/wp\/v2\/product"}],"about":[{"href":"https:\/\/azerothcomicstore.shop\/index.php\/wp-json\/wp\/v2\/types\/product"}],"wp:featuredmedia":[{"embeddable":true,"href":"https:\/\/azerothcomicstore.shop\/index.php\/wp-json\/wp\/v2\/media\/236258"}],"wp:attachment":[{"href":"https:\/\/azerothcomicstore.shop\/index.php\/wp-json\/wp\/v2\/media?parent=236259"}],"wp:term":[{"taxonomy":"product_cat","embeddable":true,"href":"https:\/\/azerothcomicstore.shop\/index.php\/wp-json\/wp\/v2\/product_cat?post=236259"},{"taxonomy":"product_tag","embeddable":true,"href":"https:\/\/azerothcomicstore.shop\/index.php\/wp-json\/wp\/v2\/product_tag?post=236259"}],"curies":[{"name":"wp","href":"https:\/\/api.w.org\/{rel}","templated":true}]}}