
{"id":236257,"date":"2023-12-12T11:37:50","date_gmt":"2023-12-12T14:37:50","guid":{"rendered":"https:\/\/azerothcomicstore.shop\/index.php\/producto\/20th-century-boys-7\/"},"modified":"2025-11-24T16:12:21","modified_gmt":"2025-11-24T19:12:21","slug":"20th-century-boys-7","status":"publish","type":"product","link":"https:\/\/azerothcomicstore.shop\/index.php\/producto\/20th-century-boys-7\/","title":{"rendered":"20th Century Boys #07"},"content":{"rendered":"<p>Kanna visita el municipio donde hab\u00eda vivido su madre, Kiriko. All\u00ed descubre que su madre fue probablemente la creadora del virus que se cobr\u00f3 150.000 mil vidas la \u201cNochevieja sangrienta\u201d; y tambi\u00e9n que, si no consiguen pararle los pies a Amigo, el mundo se acabar\u00e1 en el 2015.<\/p>\n<p>Por fin llega el a\u00f1o X, el 2015\u2026 Y con \u00e9l aparece un personaje vinculado a \u201cAmigo\u201d y tambi\u00e9n excompa\u00f1ero de clase del grupo, de nombre Yamane. Otcho y Kakuta, que andan tras la pista de este Yamane, llegan una noche al aula de ciencias. All\u00ed reunidos, Yamane les cuenta que \u201cAmigo\u201d efectivamente muere, \u00a1\u00a1pero que lo que no se imaginan ni por asomo es la identidad de quien se escond\u00eda detr\u00e1s de su m\u00e1scara!!<\/p>\n","protected":false},"excerpt":{"rendered":"<p>Kanna visita el municipio donde hab\u00eda vivido su madre, Kiriko. All\u00ed descubre que su madre fue probablemente la creadora del virus que se cobr\u00f3 150.000 mil vidas la \u201cNochevieja sangrienta\u201d;<\/p>\n","protected":false},"featured_media":236256,"template":"","meta":[],"product_cat":[78],"product_tag":[283,140,134,282,285,274,284],"jetpack_sharing_enabled":true,"_links":{"self":[{"href":"https:\/\/azerothcomicstore.shop\/index.php\/wp-json\/wp\/v2\/product\/236257"}],"collection":[{"href":"https:\/\/azerothcomicstore.shop\/index.php\/wp-json\/wp\/v2\/product"}],"about":[{"href":"https:\/\/azerothcomicstore.shop\/index.php\/wp-json\/wp\/v2\/types\/product"}],"wp:featuredmedia":[{"embeddable":true,"href":"https:\/\/azerothcomicstore.shop\/index.php\/wp-json\/wp\/v2\/media\/236256"}],"wp:attachment":[{"href":"https:\/\/azerothcomicstore.shop\/index.php\/wp-json\/wp\/v2\/media?parent=236257"}],"wp:term":[{"taxonomy":"product_cat","embeddable":true,"href":"https:\/\/azerothcomicstore.shop\/index.php\/wp-json\/wp\/v2\/product_cat?post=236257"},{"taxonomy":"product_tag","embeddable":true,"href":"https:\/\/azerothcomicstore.shop\/index.php\/wp-json\/wp\/v2\/product_tag?post=236257"}],"curies":[{"name":"wp","href":"https:\/\/api.w.org\/{rel}","templated":true}]}}